75. Does 40 divide z?
False
Suppose -13*k + 24*k - 968 = 0. Does 11 divide k?
True
Let w be -2 - ((-3)/1 + -101). Let f = w - 72. Is f a multiple of 10?
True
Suppose 3*a - 4*h + 11 = 0, h + 1 = 6. Suppose 0 = 2*j + a*f - 211, 0*j - 4*f - 122 = -j. Suppose -5*k + 230 = 4*p - j, -5*k = 5*p - 420. Is p a multiple of 16?
True
Suppose 5*s - s = 3*d - 679, 5*s = 4*d - 904. Is 28 a factor of d?
False
Suppose -5*l = 2*l - 15393. Does 66 divide l?
False
Let t(d) = -d - 5. Let w(g) = -3*g - 6 + 2 + 10*g + 3. Let j be w(-1). Is 2 a factor of t(j)?
False
Suppose -14 = 2*d - 9*d. Suppose -5*l + m + 926 = 0, 7*l + d*m = 3*l + 752. Is 31 a factor of l?
True
Let t = 10 - 8. Suppose -t*j - 42 = -s, 4*j - 14 + 2 = -s. Is s a multiple of 8?
True
Let i be ((-186)/(-9))/((-2)/3). Let k = i - -41. Is k a multiple of 5?
True
Let k = -12 + 15. Let i = 1 + k. Suppose 3*y = i*y - 14. Is 14 a factor of y?
True
Suppose 4*t + 25 - 45 = 0. Let h(k) = 16*k + 3 - 5 - 2. Is 21 a factor of h(t)?
False
Suppose 4*r + 10 = -2*a, -5*a + r = -0*r - 19. Let v be a/4*(10 + -6). Suppose -5*g + 31 = -v*b, -2*b = -5*g + 3*b + 35. Is g a multiple of 4?
False
Let q(m) = 41*m + 16. Is q(6) a multiple of 5?
False
Let p(a) = 39*a**2 + 2*a + 1. Suppose 5 - 28 = j + 5*x, 5*x = -3*j - 19. Is p(j) a multiple of 16?
False
Suppose 132 = 4*f - 0*f. Let x = f + 9. Is x a multiple of 7?
True
Let k(x) = -x + 20. Let s be k(11). Suppose -12*t + 147 = -s*t. Does 10 divide t?
False
Let h(f) = f**3 - 10*f**2 - 7*f + 14. Let g be h(11). Suppose 7*u + g = 415. Does 10 divide u?
False
Suppose 143 = 3*k - 295. Suppose 0 = -7*u + 120 + k. Is 16 a factor of u?
False
Let f = 4 + -46. Is 10 a factor of 1 + 1 + (3 - f) + 3?
True
Does 12 divide 100*(3/(-2) - (-658)/140)?
False
Let m(w) = -w + 336. Is m(-8) a multiple of 2?
True
Let w = 10 - 9. Let v be 0/(-4) + 2/w. Is 2 a factor of v + -3 + 4 + 3?
True
Let t be 3 + (-225)/(-6) - (-12)/8. Let b = t + 62. Is 37 a factor of b?
False
Let h be 8/2 + -1 + 0. Let l be ((-24)/(-21))/((-10)/(-35)). Suppose 0 = -2*g - l*q + 39 - 15, 12 = -h*q. Does 4 divide g?
True
Suppose 5*f - 15 + 46 = -2*x, -3*f = -2*x + 25. Let a(k) be the third derivative of -k**4/24 + k**3/3 - 4*k**2. Is a(f) a multiple of 2?
False
Let p(j) = -j**2 + 1. Let t(i) = i**3 - 23*i**2 - 4*i - 19. Let d(u) = 2*p(u) - t(u). Is d(21) a multiple of 15?
True
Let y(c) = -c**2 - 3*c + 3. Let a be y(-2). Suppose 0*u - x + 39 = u, a*x = -3*u + 125. Suppose 3*q - u = 25. Is 4 a factor of q?
True
Suppose 5*m - 22 = 3*a, 4*a + 10 = -3*m - 0*a. Suppose -m*g - 495 = -5*g. Does 33 divide g?
True
Suppose 326 = 3*i + 5*k, -226 = 5*i - 7*i + k. Is 3 a factor of i?
False
Let u(o) be the second derivative of -o**3/2 + 7*o**2 + 8*o. Does 14 divide u(0)?
True
Let k(t) be the third derivative of -7/6*t**3 + 0 + 1/6*t**4 - 4*t**2 + 0*t. Is 7 a factor of k(4)?
False
Let h = -2873 - -5159. Is h a multiple of 86?
False
Is 38 a factor of 0/(-3) + -1 - -2889?
True
Suppose 3*q = -4*w + 20, w + q - 20 = 4*q. Suppose -5*f = 25, 2*d - 4*f + 12 = -w*f. Suppose 5*m = -4*o - o + 510, 3*o = -d*m + 404. Is m a multiple of 26?
False
Suppose -11*q + 5*q = 0. Suppose -4*i - 5*d + 22 = 0, q = -0*d + 2*d - 4. Is (37 + -3)*i/2 a multiple of 17?
True
Suppose -2*b - z + 3*z = 332, 4*b = -z - 684. Does 48 divide (2 + b)*24/(-16)?
False
Let s = -3558 + 5306. Is 46 a factor of s?
True
Suppose 6 = -3*q + 12. Suppose q*u + 13 = u - 5*f, u + 4*f = -9. Is 3 a factor of u?
False
Let k(t) = 3*t**2 + 24*t - 12*t - t**2 + 7 + 12. Is k(-7) a multiple of 17?
False
Suppose -12 = 3*v, 3*d - 2*v - 1074 = v. Is d a multiple of 63?
False
Suppose -4*x + 5 = f, -4*f = 4*x - 2*f - 2. Let z(c) = 22*c**2 - 4*c + 2. Let y be z(3). Suppose -x*b = 2*b - y. Does 9 divide b?
False
Suppose 3*d - 2014 = -6*n + 2*n, 3*n = 12. Suppose -4*o = 3*t - d, 5*t - 2*t = -2*o + 330. Is 8 a factor of o?
True
Suppose 5*x = 2*x + 900. Let m be (2 + 4)*12/54*3. Suppose -a + x = m*a. Is a a multiple of 10?
True
Suppose 14*v = -6*v + 2760. Does 23 divide v?
True
Let y(l) = -211*l + 110*l + 110*l + 10. Is 25 a factor of y(10)?
True
Let q(a) = -a**3 - 8*a**2 - 8*a - 2. Let s be q(-7). Suppose -s*f - 11 = -46. Suppose 29 = 2*g - 5*d, -5*g + f*d + 98 = 3*d. Is g a multiple of 11?
True
Let h = -22 - -23. Let j(k) = k**3 - 2*k + 1. Let v be j(h). Is 10 a factor of v - 0 - (-5 + -15)?
True
Suppose 0 = 2*w + 2*w - 16. Suppose 0 = 5*u + 24 - w. Is 28 a factor of 7/28 + (-147)/u?
False
Let u(l) = -10*l - 24. Let w be u(-4). Is (-2)/2 + 208/w a multiple of 2?
True
Suppose -26*r - 2 = -132. Let s = -31 - -391. Suppose r*m = -0*m + s. Does 24 divide m?
True
Suppose -2*j = 1 - 13. Suppose -4*k = j*k - 1380. Does 6 divide k?
True
Let j = 8 + -7. Suppose -y = -j + 2. Let o(v) = -10*v**3 - v**2 + v + 1. Does 9 divide o(y)?
True
Suppose d - 43 = -2*m, 5*m - 4*m + 2*d - 23 = 0. Let j = -29 - -56. Suppose -3*y = -m - j. Is 8 a factor of y?
True
Let j = 7 + -5. Let f(l) = -l**3 - l**2 + 3. Let c be f(0). Suppose j*s - 185 = -c*s. Is 16 a factor of s?
False
Let c(d) = 1254*d**3 - 3*d**2 + 3*d - 1. Is c(1) a multiple of 65?
False
Let y = 1853 + -1665. Does 2 divide y?
True
Let v be 40/5 - (-1 + 4). Suppose 5*t + 3 + 7 = 0, 226 = v*m - 3*t. Is m a multiple of 19?
False
Let x(p) = -p**2 + 14*p - 13. Let f be x(12). Suppose l - f = 4. Does 9 divide 40/l*(-42)/(-4)?
False
Let t be (-162)/10 + 44/(-55). Let c = 85 - t. Does 28 divide c?
False
Suppose -1 = i - 3. Suppose -4*r + 2*n = -22, r + i = -2*n - 0. Suppose 0*o = 2*d + 3*o - 93, r*o = -3*d + 141. Is 17 a factor of d?
True
Let f(b) = -b**3 - 4*b**2 - 2*b - 5. Let d be f(-4). Suppose -d*x + 63 = -0*x + 5*k, -5*k - 33 = -3*x. Does 6 divide x?
False
Let c be 29/((1 - 3)/(-6)). Let r = c - 49. Does 16 divide r?
False
Suppose -28 = -5*h - 8. Suppose -h*l - 2*z = -l - 29, -5*l + 43 = -2*z. Suppose -l*p + 6*p = -51. Is 9 a factor of p?
False
Let c(h) be the first derivative of -h**4/4 - 11*h - 17. Is 19 a factor of c(-5)?
True
Let r = 161 - 1. Is 32 a factor of r?
True
Let p = 77 + 511. Let v be (2/(-3))/((-2)/p). Suppose -u = -3*u + v. Does 19 divide u?
False
Suppose -92*d + 96*d = 20. Suppose -304 - 366 = -d*i. Is 11 a factor of i?
False
Suppose -6*g + 364 = 8*g. Let q = 80 + g. Is q a multiple of 17?
False
Suppose 83 = 4*t - 17. Suppose -22*m - 204 = -t*m. Is 15 a factor of m?
False
Does 3 divide (-1844)/(-12) - (-22)/(-33)?
True
Let u = 8 - 3. Suppose 2*b + 271 = q, 5*q - 310 = -u*b + 1060. Suppose d = 5*z + 48, q = 3*d + 5*z + 109. Does 16 divide d?
False
Suppose 3*b = -b + 316. Suppose 2*g - b = -63. Is g even?
True
Suppose 4*o + 2*d - 540 = -2*d, 0 = -3*d - 3. Suppose -3*t = 13 - o. Does 41 divide t?
True
Let p be (-265)/55 + (-6)/33. Let f be ((-2 - p) + 0)*1. Suppose -5*g = -f*l - 155, 3*g - 79 + 0 = -l. Does 14 divide g?
True
Let q(u) = u**2 - 6*u + 5. Let i be q(6). Suppose -i*f - f = -216. Does 6 divide f?
True
Let b(w) = 5*w + 7. Suppose -y = -0*y - 4. Does 5 divide b(y)?
False
Let a = -63 - -64. Suppose 2*y = -3*i + 7*i + 322, i = -a. Is y a multiple of 16?
False
Let l = 2325 + -1544. Does 17 divide l?
False
Let d = -100 - -100. Suppose d = 8*r - 1107 + 51. Does 44 divide r?
True
Suppose m + 516 = 5*j, 2*m - 286 = -3*j + 34. Suppose 2 = -5*l + 12. Suppose 4*w = l*d + j, 5*w + d = -3*d + 104. Is 6 a factor of w?
True
Let b = 20 + -21. Is 26 a factor of -1 + (288/b)/(-2)?
False
Let g(n) = 0*n**3 + 1 + 5*n**3 - 5*n + 0*n - 4*n**3. Is g(4) a multiple of 9?
True
Is (4 - -1)/((-8)/(-664)) a multiple of 23?
False
Let s be -1 + (-28)/(-6) + (-54)/81. Suppose 3*m = -15, s*a - 2*m = -3*m + 358. Is a a multiple of 33?
False
Let i = -113 - -99. Let a = i - -27. Does 6 divide a?
False
Let n(i) = 6*i**2 + 3*i. Suppose -4*g + 0*k = -3*k - 21, -4*g + 5*k + 27 = 0. Does 6 divide n(g)?
False
Let t = -544 + 1096. Does 23 divide t?
True
Let o = 36 - 66. Let a = o + 33. Suppose -44 = -l + a*g - 14, 5*l - 150 = -3*g. Is l a multiple of 6?
True
Let w = -6 - -15. Let a be 6/((w/(-580))/(-3)). Is 7 a factor of a/36 + (-8)/36?
False
Suppose 3*r = -3*q + 930, 2*q - 615 = 4*r - r. Suppose -o + 2*o = u - 63, 5*u + o - q = 0. Does 8 divide u?
False
Let q = -443 + 932. Is 58 a factor of q?
False
Let a = 15 + -3. Suppose 0 = a*v - 13*v + 64. Is 30 a factor of v?
False
Let b be 80/24*12/10.